87 is divided by 29?
25
What is the remainder when 1393 is divided by 457?
22
What is the remainder when 68047 is divided by 34017?
13
Calculate the remainder when 95888 is divided by 133.
128
What is the remainder when 415163 is divided by 10?
3
What is the remainder when 65156 is divided by 120?
116
What is the remainder when 169615 is divided by 55?
50
Calculate the remainder when 256 is divided by 141.
115
What is the remainder when 2003 is divided by 178?
45
What is the remainder when 23620 is divided by 127?
125
What is the remainder when 31062 is divided by 1737?
1533
What is the remainder when 7069 is divided by 1756?
45
What is the remainder when 2559 is divided by 2442?
117
What is the remainder when 7892 is divided by 128?
84
Calculate the remainder when 8687 is divided by 868.
7
Calculate the remainder when 67604 is divided by 516.
8
What is the remainder when 257173 is divided by 29?
1
What is the remainder when 7277 is divided by 112?
109
Calculate the remainder when 423796 is divided by 222.
220
Calculate the remainder when 391 is divided by 108.
67
Calculate the remainder when 5168 is divided by 1845.
1478
Calculate the remainder when 16387 is divided by 564.
31
Calculate the remainder when 5227 is divided by 127.
20
What is the remainder when 29127 is divided by 219?
0
What is the remainder when 186873 is divided by 125?
123
What is the remainder when 3981 is divided by 24?
21
Calculate the remainder when 47199 is divided by 33.
9
Calculate the remainder when 90638 is divided by 802.
12
What is the remainder when 18721 is divided by 4655?
101
What is the remainder when 2921 is divided by 75?
71
Calculate the remainder when 80369 is divided by 20.
9
Calculate the remainder when 1490 is divided by 6.
2
Calculate the remainder when 12248 is divided by 35.
33
Calculate the remainder when 13736 is divided by 28.
16
What is the remainder when 194375 is divided by 356?
355
Calculate the remainder when 28369 is divided by 101.
89
Calculate the remainder when 2978 is divided by 81.
62
Calculate the remainder when 7985 is divided by 144.
65
What is the remainder when 349 is divided by 310?
39
What is the remainder when 33372 is divided by 16682?
8
Calculate the remainder when 501616 is divided by 177.
175
Calculate the remainder when 337072 is divided by 4.
0
Calculate the remainder when 1644 is divided by 206.
202
What is the remainder when 328449 is divided by 6440?
9
Calculate the remainder when 95614 is divided by 48.
46
Calculate the remainder when 5984156 is divided by 1120.
1116
What is the remainder when 4187 is divided by 686?
71
What is the remainder when 420008 is divided by 209998?
12
What is the remainder when 5538 is divided by 5422?
116
What is the remainder when 61416 is divided by 318?
42
What is the remainder when 4343 is divided by 622?
611
What is the remainder when 85801 is divided by 224?
9
What is the remainder when 65481 is divided by 51?
48
Calculate the remainder when 110732 is divided by 24.
20
What is the remainder when 2326 is divided by 696?
238
Calculate the remainder when 1061 is divided by 77.
60
Calculate the remainder when 28540 is divided by 234.
226
Calculate the remainder when 2837 is divided by 264.
197
Calculate the remainder when 18811 is divided by 28.
23
Calculate the remainder when 12862 is divided by 12855.
7
Calculate the remainder when 63026 is divided by 1033.
13
Calculate the remainder when 3311 is divided by 221.
217
What is the remainder when 188240 is divided by 21?
17
Calculate the remainder when 47189 is divided by 13.
12
Calculate the remainder when 2009 is divided by 101.
90
What is the remainder when 98685 is divided by 138?
15
Calculate the remainder when 19459 is divided by 10.
9
Calculate the remainder when 8237 is divided by 1407.
1202
What is the remainder when 109300 is divided by 86?
80
What is the remainder when 1644 is divided by 606?
432
What is the remainder when 760 is divided by 62?
16
Calculate the remainder when 30899 is divided by 60.
59
Calculate the remainder when 129526 is divided by 5.
1
What is the remainder when 20768 is divided by 5139?
212
What is the remainder when 30578 is divided by 7619?
102
What is the remainder when 3212 is divided by 1073?
1066
What is the remainder when 10699 is divided by 905?
744
Calculate the remainder when 51253 is divided by 307.
291
What is the remainder when 11626 is divided by 1453?
2
What is the remainder when 4002413 is divided by 1587?
1586
What is the remainder when 2252 is divided by 218?
72
Calculate the remainder when 34221 is divided by 100.
21
What is the remainder when 607570 is divided by 14?
12
What is the remainder when 6432 is divided by 92?
84
What is the remainder when 2112 is divided by 474?
216
What is the remainder when 21974 is divided by 32?
22
What is the remainder when 393790 is divided by 672?
670
Calculate the remainder when 122 is divided by 41.
40
What is the remainder when 7674 is divided by 221?
160
What is the remainder when 7138 is divided by 39?
1
What is the remainder when 1985 is divided by 167?
148
Calculate the remainder when 8215 is divided by 1633.
50
Calculate the remainder when 57676 is divided by 95.
11
What is the remainder when 12758 is divided by 6369?
20
Calculate the remainder when 2771 is divided by 150.
71
Calculate the remainder when 30096 is divided by 127.
124
What is the remainder when 8681 is divided by 4233?
215
What is the remainder when 207809 is divided by 15?
14
Calculate the remainder when 7249 is divided by 719.
59
Calculate the remainder when 114685 is divided by 76.
1
Calculate the remainder when 15467 is divided by 15444.
23
What is the remainder when 2817 is divided by 404?
393
Calculate the remainder when 2671 is divided by 40.
31
What is the remainder when 27564 is divided by 8?
4
Calculate the remainder when 6955 is divided by 1731.
31
Calculate the remainder when 8377 is divided by 1103.
656
Calculate the remainder when 732812 is divided by 131.
129
What is the remainder when 4489 is divided by 14?
9
Calculate the remainder when 2091998 is divided by 10.
8
Calculate the remainder when 3644 is divided by 27.
26
What is the remainder when 483 is divided by 242?
241
Calculate the remainder when 21222 is divided by 4243.
7
What is the remainder when 57381 is divided by 9562?
9
What is the remainder when 4663 is divided by 925?
38
Calculate the remainder when 28548 is divided by 86.
82
What is the remainder when 46631 is divided by 87?
86
Calculate the remainder when 31519 is divided by 160.
159
Calculate the remainder when 1784 is divided by 388.
232
Calculate the remainder when 43394 is divided by 14286.
536
What is the remainder when 84382 is divided by 288?
286
Calculate the remainder when 31213 is divided by 122.
103
Calculate the remainder when 307 is divided by 198.
109
Calculate the remainder when 3032 is divided by 509.
487
What is the remainder when 12730 is divided by 28?
18
What is the remainder when 101609 is divided by 266?
263
What is the remainder when 46743 is divided by 33?
15
What is the remainder when 43651 is divided by 6234?
13
Calculate the remainder when 179775 is divided by 114.
111
Calculate the remainder when 3360 is divided by 69.
48
Calculate the remainder when 14913 is divided by 1354.
19
Calculate the remainder when 50260 is divided by 541.
488
Calculate the remainder when 18356 is divided by 202.
176
What is the remainder when 41044 is divided by 30?
4
Calculate the remainder when 89 is divided by 4.
1
Calculate the remainder when 343366 is divided by 171669.
28
Calculate the remainder when 16353 is divided by 496.
481
What is the remainder when 455088 is divided by 1220?
28
What is the remainder when 133312 is divided by 35?
32
Calculate the remainder when 4499544 is divided by 1469.
1466
Calculate the remainder when 105163 is divided by 37.
9
Calculate the remainder when 125101 is divided by 20823.
163
Calculate the remainder when 12643 is divided by 7.
1
Calculate the remainder when 493041 is divided by 45.
21
What is the remainder when 2885 is divided by 46?
33
What is the remainder when 3691 is divided by 368?
11
What is the remainder when 1081321 is divided by 1381?
1379
Calculate the remainder when 5576 is divided by 13